). Let m be 1/(-2) - (-34)/g. Let f(j) = j**3 + 9*j**2 + 6. Let l be f(m). What is b(l)?
-7
Let w(d) = -4*d - 7. Let h be ((252/(-27))/(-7))/(2/(-3)). Give w(h).
1
Suppose -m + 4*u + u + 28 = 0, -4*u - 11 = 3*m. Suppose -m*c = c + 24. Let t(n) = -3*n + 5*n + 6 - n. Determine t(c).
0
Let i(n) = -30*n. Suppose -4*s + 3*z = -10, -s = 2*s - z - 5. What is i(s)?
-30
Suppose -12 = -3*t - 0. Suppose t*w = 4*y + 28, -11 = 4*w + 4*y - 39. Let q(b) = b - 6. Calculate q(w).
1
Suppose -7*f + 48 = -13*f. Let x be 4*((-22)/f + (-2 - 0)). Let l(o) = -o**3 + 5*o**2 - o - 3. What is l(x)?
12
Let y be (-151)/1057 - (1/(-7) + 0). Let s(b) = b**2 - b - 11. Give s(y).
-11
Let z(a) = -52 - 22 + 133 - 5*a. Calculate z(11).
4
Let o(f) = -2*f + 29. Let y(b) = b**2 - 20*b + 103. Let r be y(7). Determine o(r).
5
Suppose 28*x + 1 = 31*x + g, -3*x = -5*g - 13. Let t(p) = 4*p**2 + 1. Calculate t(x).
5
Let w(c) = -4*c + 1 - 5 + 11*c + 2. Determine w(1).
5
Let m(d) = -6*d. Let k be (25/(-15))/((-1)/3). Suppose 0 = -3*f - k*v + 7 + 1, 7 = 5*f + 2*v. Determine m(f).
-6
Let a(f) = f**3 + 7*f**2 - 10*f + 3. Suppose 7*v = -12*v - 152. What is a(v)?
19
Let o = 74 - 80. Let n(j) = 9*j**3 - j**2 - 8*j - 17. Let c(k) = -5*k**3 + 4*k + 9. Let a(d) = o*n(d) - 11*c(d). Determine a(-5).
8
Let f(w) = -w**3 - 2*w**2 + 3*w + 3. Let z = 488 - 718. Let k be 6/27 - z/18. Suppose 4 = 3*m + k. What is f(m)?
3
Suppose 10 + 0 = 2*c. Let h(d) = -2*d**2 + 5*d + 3. Let n(m) = -m**2 + 2*m + 1. Let l(a) = -3*h(a) + 5*n(a). What is l(c)?
-4
Let j(r) = 2*r**3 - 2*r + 2. Let l be -2 - -10 - 4/(-2)*-1. Let m(s) = s**2 - 10*s + 13. Let i be m(9). Let v = l - i. What is j(v)?
14
Let w = 30 - 29. Let f be (w + 2)*2*(-1)/(-2). Let n(p) = p - 1. What is n(f)?
2
Let l(h) = -h**2 - 16*h - 28. Suppose 0 = -5*i - 2*b - 71, 31*i - 7*b = 29*i - 5. Give l(i).
11
Let v(l) = 2*l**2. Let o(t) = 4*t**2 + 7*t + 3. Let r(j) = o(j) - v(j). Calculate r(-3).
0
Let p(l) be the first derivative of -l**2/2 - 7*l + 225. Calculate p(10).
-17
Let p(o) = o**2 + 7. Suppose 15 = 3*n + 5*m, -m + 3 = -n + 2*n. Calculate p(n).
7
Let c(g) be the second derivative of -1/6*g**3 - 4*g - 2*g**2 + 0. Suppose 5*y + 2*j = -21, -4*y + 2*j - 9 = j. Give c(y).
-1
Suppose j + 13 = -b - 4*b, j + 3*b + 7 = 0. Let z(l) = 223*l**2 - 219*l**2 - 3 + 3 - j*l. Give z(2).
12
Let c(s) = 15*s - 1 + 28*s**2 - 2*s**2 - 3 - 29*s**2 + s. Calculate c(5).
1
Let w(m) = m**3 + 4 + 0*m**3 + 3*m - 6*m**2 + 0*m**2. Suppose -4*j = -3*j - 4. Give w(j).
-16
Let q(z) = -2*z + 6. Let u be 15/(-6)*128/(-80). Give q(u).
-2
Let r(a) = -3*a - 16. Let f(i) = i**2 - i - 53. Let z be f(7). Give r(z).
17
Let h(s) = -s**2 + 21*s - 44. Let d be ((-138)/(-207))/(4/(-342)*-3). Calculate h(d).
-6
Let j(p) = 14*p**2 + 65*p + 13. Let x(s) = -7*s**2 - 29*s - 6. Let d(w) = 4*j(w) + 9*x(w). Calculate d(2).
-32
Let m(s) = -1 + 1 - 3 + 0 - 723*s + 742*s. Calculate m(3).
54
Let f(t) = 2*t + 11. Let a(k) = k + 5. Let n(o) = -5*a(o) + 3*f(o). Let c = -113 - -117. Suppose -5*h + 10 = 0, x - c*h + 26 = -2*x. What is n(x)?
2
Let w(n) = 3*n - 2. Let r(j) = j**3 + 2 + 4*j + j**2 + 6*j - 11*j**2. Let u be r(9). Let l = u - 8. Calculate w(l).
7
Let b(j) be the first derivative of j**4/4 - 11*j**3/3 + 3*j**2 + 9*j - 542. What is b(10)?
-31
Let y(i) = i**3 - 3 + 0*i**3 - 4*i**2 - 2*i**3 + 4. Let h(z) = -z**3 + 4*z**2 - 2*z. Let a be h(3). Let w be (-2)/3 + (-7)/a. What is y(w)?
-8
Let n(i) = 21*i + 3. Let h(w) = -7*w - 1. Let q(z) = 21*z + 3. Let b(r) = 11*h(r) + 4*q(r). Let d(t) = -7*b(t) + 2*n(t). Give d(-1).
6
Let k(x) be the first derivative of -2 - 7*x - 5/2*x**2. Determine k(-6).
23
Let q(k) be the first derivative of -1/3*k**3 + 7*k + 0*k**2 - 12. Let v be (0/(1/(-1)))/2. Give q(v).
7
Suppose 0 = -30*j + 21*j + 117. Let o(g) = -g**2 + 13*g - 4. Calculate o(j).
-4
Let m(u) = -u**3 - u**2 + 5*u + 7. Let h(l) = l**3 + 2*l**2 - 5*l - 8. Let s(o) = 5*h(o) + 6*m(o). Let q = -37 - -41. Let a be q + -4 + 3 + 2. Give s(a).
2
Let i(b) = -b + 2. Let x be (-5)/(-10) - 17/(-2). Let h(w) = -w**2 + 10*w. Let l be h(x). What is i(l)?
-7
Let r = 0 - -3. Suppose -4*l = t + 17, -l - 2 = r*t - 2*t. Let q(w) be the first derivative of w**3/3 + 3*w**2/2 - 4*w + 121. Determine q(l).
6
Suppose 4*b - 5 = -r, -797*r + 801*r = -3*b - 6. Let l(h) = -5*h + h + h + 2*h**2 + 2 + 0*h. What is l(b)?
4
Let s = -12 + 17. Let h(u) = -21*u**2 + 22. Let b(t) = 17*t**2 - t - 19. Let a(i) = 5*b(i) + 4*h(i). What is a(s)?
-7
Let i(m) be the third derivative of 16*m**2 + 0 + 0*m - 1/24*m**4 + 1/10*m**5 + 1/6*m**3. Let s = 4 - 3. Determine i(s).
6
Let f(k) be the third derivative of k**6/120 - k**5/60 - k**4/24 + k**3/2 - 48*k**2. Determine f(0).
3
Suppose -5*a + 8 - 3 = 0. Let i = a - 0. Let j(k) = -94*k - 82*k + 173*k + 1. Determine j(i).
-2
Suppose -q - 33 = -3*m, -5*m + 2*m = -3*q - 39. Let b(t) = -t**3 + 9*t**2 + 9*t - 14. Give b(m).
-24
Let b(t) = -7*t**2 - 15*t + 2. Let r(a) = -10*a**2 - 22*a + 3. Let f(g) = -7*b(g) + 5*r(g). Let x be 22/(-6) - (-17)/(-51). Give f(x).
5
Let s(n) = -n**3 - 14*n**2 + n + 22. Let f be s(-14). Let u(v) = 16045*v - 16043*v + 4 - 16. What is u(f)?
4
Let l(u) = -3*u**2 - 10*u - 3. Let z = -35 + 37. Let y(c) = -10*c**2 - 31*c - 8. Let o(b) = z*y(b) - 7*l(b). Give o(-8).
5
Let i(f) = -3*f. Let d(k) = -15*k - 1. Suppose 111*h = 115*h - 44. Let r(p) = h*i(p) - 2*d(p). Let u = 4 - 10. Calculate r(u).
20
Let y(a) = -16*a - 12. Let f(j) = -19*j - 14. Let u(d) = -5*f(d) + 6*y(d). Give u(-6).
4
Suppose -4*r = -4 - 0. Let p(z) be the first derivative of -z - 2 + 1/2*z**2 - 5/3*z**3. Calculate p(r).
-5
Let s(l) = -l + 1. Let x(m) = m. Let q(y) = -3*s(y) - 4*x(y). Let f be (6/4)/(-3)*-2. Let t be 2*f/(-2) + -4. Give q(t).
2
Let d(l) be the first derivative of 7*l**5/120 + l**4/12 - 7*l**3/3 + 10. Let c(u) be the third derivative of d(u). Give c(-2).
-12
Suppose -11*p - 132 = p. Let a(j) = j + 10. Calculate a(p).
-1
Let u(w) = -11*w - 7. Let o be u(-1). Let i(b) = -b**3 + 3*b**2 + b. Determine i(o).
-12
Let j(x) be the first derivative of -x**2/2 + 2*x - 566. Let t(o) = -o - 4. Let b be t(-6). Suppose -2 = -b*l + 8. Calculate j(l).
-3
Let d = -169 - -173. Let c(x) be the third derivative of 0 - 1/6*x**3 + 5*x**2 + 0*x - 1/8*x**d. Give c(-5).
14
Let z(n) = 3 - 8*n + 5*n + 1. Let h be ((-12)/(-9))/(7/((-63)/(-2))). Give z(h).
-14
Suppose -5*u - 12 = -3*q, -21*u - 2*q = -17*u - 8. Let b(m) = -m**2 - m - 1. What is b(u)?
-1
Let n(q) = -q**3 - 14*q**2 + q + 10. Let d be -15 + ((-20)/4 - -2 - -4). Determine n(d).
-4
Let g(j) = 4 - 5 + 2 - 3*j. Let y(f) = -2*f + 1. Let c(k) = 5*g(k) - 7*y(k). Let z be 24/(-6)*(-7)/(-4). Calculate c(z).
5
Let y(i) = -2*i + 32. Let p = 593 - 573. Calculate y(p).
-8
Let i(g) = 2*g**3 - 15*g**2 - 8*g + 1. Let c(t) = -t**3 + 7*t**2 + 4*t - 1. Let p(a) = 5*c(a) + 2*i(a). Let m = 18 + -15. Suppose -m*x + 8*x = 30. Give p(x).
-15
Suppose -38*c = -44*c - 6. Let m(x) be the first derivative of -6*x**2 + x + 6. What is m(c)?
13
Let l = 1226 - 1227. Let u(v) be the second derivative of 3*v**5/10 - v**4/6 - v**3/3 - v**2/2 - v. Determine u(l).
-7
Let m(l) = 0*l**2 - 5*l**2 - l**2 + 4 + 0*l - 5*l - l**3 + 0*l**2. Give m(-5).
4
Let k be (-2)/4 + (-18)/(-12). Let b be (-108)/(0 + -3) - k. Suppose 11 - b = -6*l. Let c(f) = -2*f - 1. What is c(l)?
-9
Let j(c) = 48 - 13 + 7*c**2 - c**3 + 7*c - 31. Determine j(8).
-4
Let a(v) = -v**2 + 7*v - 6. Suppose 3*q = 4*q. Suppose 3*g - 5*t + 13 - 31 = q, -2*t = -3*g + 18. Let c be a(g). Let d(l) = -l + 7. Determine d(c).
7
Let o(r) = 2*r**2 - r. Let b be 1/((-20)/25 + 1). Suppose 2*t - 1 + b = -2*p, -5*t - 17 = -2*p. What is o(p)?
1
Let r(c) = 10*c**2 - c. Suppose 4*z + 10 = -2*p, 2*z - 3*p + 21 = -z. Let u = z + 8. Suppose -3*t + 10 = 4*n, -2*n - t - u*t = -12. Give r(n).
9
Suppose 3*h + 45 = 36. Let k(s) = 2*s + 2. Let t be k(h). Let o(p) = p**3 + 5*p**2 + 3*p - 5. Give o(t).
-1
Let p be (3 + (-1 - 3))/(-1)*0. Suppose p = -4*s + 11*s + 7. Let i(n) = n**2 - n - 1. What is i(s)?
1
Let h(m) = m - 3. Suppose 12 = -4*k - 16. Let c(a) = a + 4. Let n be c(k). Give h(n).
-6
Let b(r) = -2*r**3 - r**2 - 5*r - 5. Let n be b(-2). Let y(z) = -n + 18 - 7 + z. Determine y(-5).
-11
Let b be 1 + -1 + 1 - -4. Suppose 0 = -b*o - 0*o + 20. Let d(y) be the second derivative of y**5/20 - y